 -5*v - 5*v - 10 - 2*v + 29*v - v**2 - 6*v. What is s(11)?
-10
Let a(l) = -l**2 - 1. Suppose 5*f - 5 - 2 = 3*c, 3*c + 2*f + 14 = 0. Let m(g) = g**3 - 2*g**2 - 9*g - 6. Let b(r) = c*a(r) - m(r). Give b(7).
24
Let u(w) = w**2 + 4. Suppose -11*s = -9*s. Suppose -5*g + 8*g = s. Calculate u(g).
4
Let v(h) = -7*h - 23. Let i be v(-3). Let b(j) = -j - 1. Let q(c) = c**2 + 7*c + 7. Let o(t) = -4*b(t) - q(t). What is o(i)?
-1
Let l(h) be the second derivative of 8*h**3/3 + h**2/2 - 18*h. Give l(-1).
-15
Let n(d) = d**3 + 6*d**2 + 5*d - 6. Let i = -9 + 22. Suppose 2 = -3*a + 5*s - i, a + 2*s + 5 = 0. What is n(a)?
-6
Let m = -9 - -12. Let y(o) = 64*o + 0*o**m + 4*o**2 - o**3 + 4 - 30*o - 32*o. Let q(i) = 6*i**2 - 1. Let n be q(1). Calculate y(n).
-11
Let y = -2 + 9. Let h(d) = -d**3 + 3*d**2 - 4*d - 9. Let v be h(-2). Let n(p) = -p - 29 - v + 62. Give n(y).
7
Let y(u) = u**2 - 9. Let z = -30 + 33. Let a be z/(-9)*0*-1. What is y(a)?
-9
Let c(n) = n + 7. Suppose -20 = -5*t + t. Suppose -t*z = -y + 5*y - 29, 2*y - 2 = 0. Suppose -4*s + z = -3*s. What is c(s)?
12
Suppose 0 = 6*p - 12. Let q(u) = p + 4 - u - 4. Let j(o) = o**3 + o**2 + o + 5. Let x be j(0). Determine q(x).
-3
Let h(s) be the second derivative of -18*s + 1/20*s**5 + 0 - 1/2*s**3 + 1/2*s**2 + 1/12*s**4. Give h(2).
7
Let o(s) = 7*s**2 + 10*s - 9. Let y(b) = b**2 + b - 1. Let t(u) = o(u) - 6*y(u). Suppose 3*l + l = -64. Let w be (-24 - l)*(-2)/(-4). Calculate t(w).
-3
Let s(h) = 6*h + 2. Let m = 18 + -15. Let f be m - (-4 + 5) - 5 - -5. Calculate s(f).
14
Let p(k) = -11*k + 13. Let t be p(4). Let s = -41 + 12. Let z = s - t. Let f(i) = -2*i + 2. Give f(z).
-2
Let c(t) = 2*t**2 - 3*t - 3. Let l(h) = -2*h + 13. Let j be 57/12 - (-1)/4. Let n be l(j). What is c(n)?
6
Let k(w) = -11*w - 17. Suppose 5*j = -68*j - 219. Give k(j).
16
Let h(p) be the third derivative of 1/6*p**3 + 0*p + 1/60*p**5 - 1/4*p**4 + 9*p**2 + 0. Calculate h(6).
1
Suppose -4*q + 25 = -5*c, 3*c - 1 = -q + 1. Let w(p) = -2 + 3 - 4*p**3 - p**2 + q*p**3 - 3*p**2. Determine w(4).
1
Let u(g) = g. Let z(q) = 3*q. Let v(b) = -7*u(b) + 2*z(b). Let o(t) = -t**3 + t**2 - t + 1. Let w = -12 - -13. Let c be o(w). Give v(c).
0
Let r(x) = 45*x + 10. Let z(v) = 5*v + 1. Let p(d) = -4*r(d) + 35*z(d). Suppose -4*n = -32, -w - 676*n = -681*n + 46. Calculate p(w).
25
Let u(h) = 2*h + 6. Suppose -90 = 25*b - 7*b. Determine u(b).
-4
Let c be ((-15)/2)/((-1)/(-2)). Let i(b) = b**2 + 16*b + 21. Give i(c).
6
Suppose 28*g + 15*g - 430 = 0. Let b(w) = -w**2 + 10*w + 9. Give b(g).
9
Let l(j) be the second derivative of -j**6/120 + j**5/15 - j**4/6 + j**3/6 - 21*j**2/2 + 2*j - 2. Let a(f) be the first derivative of l(f). Give a(3).
-2
Let l(w) be the first derivative of -w**3/6 + w**2 + 42*w - 47. Let t(q) be the first derivative of l(q). Suppose -f + 5*f - 24 = 0. What is t(f)?
-4
Let u be (420/180)/((-14)/(-18)). Let y(z) = z**2 + 2*z - 4. What is y(u)?
11
Let a be 4 + -5*(-1)/5. Let c(m) = m**3 - 5*m**2 - 3*m + 10. What is c(a)?
-5
Suppose -5*h = p - 149, 2*h - p - 54 = -0*p. Suppose -11 = -2*i - c, i - 3*c = 6*i - h. Let u(o) = -2 + 0*o + 0*o**2 - 2*o**2 - 4*o + 3*o**2. Determine u(i).
-2
Let y(z) = 3*z**2 - 2*z - 2. Suppose 0*r = 3*h + 2*r - 6, h + 5*r - 2 = 0. Let f be y(h). Let w(u) = -1 + 2*u - 5*u + 4*u - f. Give w(8).
1
Let b(m) = -m**2 + 6*m. Suppose 2*s + 2*w - 657 = -3*s, -4*s + 523 = -w. Let v = s + -123. Calculate b(v).
-16
Suppose -2*k = 2*k - v - 25, 0 = 5*k - 4*v - 45. Let i(f) = k*f**2 + 39*f**3 - 23*f**3 - 17*f**3. Let p = 5 + 0. What is i(p)?
0
Suppose 17 = 6*i + 5. Let x(f) = -2*f**3 - 3*f**3 + 6*f**3 + 10 + 10*f**i + 9*f + 1. Calculate x(-9).
11
Let f(m) be the third derivative of -m**4/6 + m**2 - 54*m. Determine f(-1).
4
Let s(n) = 0*n + 4*n - 2*n + 2 + 2*n + n**2 - 10*n. Let p(d) = d**3 + 5*d**2 - d - 1. Let u be p(-5). What is s(u)?
-6
Suppose -4*b + 2*l = 60, 0 = -4*b - 0*l - 2*l - 68. Let k = 19 + b. Suppose 0*r = -4*a - 4*r - 8, k*a = -r. Let f(i) = -2*i**2 - i. Calculate f(a).
-3
Let i(j) be the second derivative of 1/20*j**5 + 1/2*j**4 + 0 + 10*j - 1/2*j**2 + 2/3*j**3. What is i(-5)?
4
Suppose 4*w + 3 = 15. Let k(h) = -h**w + 2 + 4*h - 5*h + 0*h**2 + 3*h + h**2. What is k(-2)?
10
Let i(p) = -2*p + 56. Let b be i(19). Suppose g + 3*g - c = 5, 0 = -3*g - 4*c + b. Let m(w) be the first derivative of -w**2/2 + w - 1. Determine m(g).
-1
Let a be 1 - (-281)/(-2) - 12/8. Let d = a + 135. Let m(x) = -4*x + 5*x + x + 4. Give m(d).
-8
Let h(x) be the second derivative of 0 + 0*x**3 + 1/12*x**4 + 10*x + 0*x**2. What is h(-2)?
4
Let u(w) = -6*w**2 - 23*w - 2. Let g(f) = -7*f**2 - 26*f - 1. Let d(a) = 5*g(a) - 6*u(a). What is d(-6)?
-5
Suppose 15 = x + 3*x + 3*a, 5*x - 10 = -2*a. Let k = x - -1. Let g be (k + 0)/((-4)/(-12)). Let j(f) = f**3 - 4*f**2 + 5*f - 4. Give j(g).
2
Let w(o) = -3*o + 15. Let j(m) = -13*m + 60. Let l(c) = -2*j(c) + 9*w(c). Let t = -311 + 318. What is l(t)?
8
Let l(f) = f - 1 + 3 + f + f**2. Let d be ((-3)/(-2) - -1)*2. Suppose 4*z - 40 = d*y, 4*y - z = -2*z - 11. Give l(y).
10
Suppose -48 = 50*n + 52. Let u(v) = -v**3 - 2*v**2 + v + 1. What is u(n)?
-1
Let w = -540 - -546. Let j(m) be the third derivative of m**6/120 - m**5/12 - 7*m**4/24 + m**3/6 + m**2. Give j(w).
-5
Let k be -5*1*(-1)/4*-4. Let s(v) = -5*v - 7. Let y(z) = -21*z - 29. Let o(j) = 9*s(j) - 2*y(j). Calculate o(k).
10
Suppose -13 - 17 = 6*r. Let z(f) = -1. Let k(g) = g**2 - 5*g - 7. Let s(o) = r*z(o) + k(o). Determine s(6).
4
Let x = 22 - 15. Let n(c) = 6*c**3 - 11*c**2 - 3*c + 1. Let d(w) = 4*w + 12*w**2 + 5*w**2 - 7*w**2 - 1 - 5*w**3. Let z(f) = 5*d(f) + 4*n(f). What is z(x)?
6
Let d = -10 - -13. Suppose -v = d - 5. Suppose 0*m - 4 = 2*m + 4*j, v*m = -5*j - 2. Let x(r) = r + 12. What is x(m)?
6
Let h = 703 - 16871/24. Let u(i) be the third derivative of 0*i - 1/2*i**3 - h*i**4 - 4*i**2 + 0. Calculate u(-4).
1
Let d(b) = -b - 20 + 5*b + 22. Let r(n) = -12*n - 6. Let a(x) = 14*d(x) + 5*r(x). Let q = 1 + -3. Give a(q).
6
Let o(p) = 3*p**3 - 52*p**2 + 11*p + 15. Let r(x) = x**3 - 18*x**2 + 4*x + 5. Let d(s) = -6*o(s) + 17*r(s). Calculate d(5).
30
Suppose 20 = -3*q - 2*x, 14*q = 17*q + 5*x + 23. Let r(z) be the third derivative of z**6/120 + z**5/12 - 5*z**4/24 - z**3 - 2*z**2. What is r(q)?
-12
Let q(p) = 11*p**3 + 3*p**2 - 2*p - 5. Let n(o) = -15*o**3 - 4*o**2 + 3*o + 4. Let t(k) = 3*n(k) + 4*q(k). Calculate t(0).
-8
Let p(z) = -4 + 17 + 5*z - 6*z. Let y be p(11). Let f(w) = -9*w + 1 + w**y + 9*w. What is f(-2)?
5
Let f(n) = n**2 + 14*n - 6. Let h be (16/(-24))/(16/360). Give f(h).
9
Suppose 3*a - 3*n = -6, -a + 6*a + 10 = -3*n. Let j(d) = -4*d - d + 2*d + 3*d + d. Calculate j(a).
-2
Let y be ((-9)/27)/((-1)/(-9)). Let j(d) = -2 + 3*d - 1 - d**3 + 3 + 3. Determine j(y).
21
Let j(m) = -m**2 + 4*m - 1. Let l be j(3). Let i be l/3 + 8/(-3). Let z(x) = 0*x**3 + 1 + x**3 - 6*x**3 + 3*x + 0*x**3 + 3*x**2 + 6*x**3. Determine z(i).
-1
Let c(v) be the second derivative of -5*v**3/3 + v**2/2 - 160*v. What is c(1)?
-9
Let q(l) = -l**3 - 1127 + 1128 + 2*l + 2*l. Let z = -3 - 0. Calculate q(z).
16
Let b(g) = g**3 + 4*g**2 - 4*g. Let v be b(-4). Let p = -21 + v. Let c(s) = s**2 - 5 + 7 + 0*s**2 - 6 + 3*s. Give c(p).
6
Suppose 0 = v + 2, -9*t - 4*v = -5*t - 12. Let w(f) = f**2 - 11*f + 35. Give w(t).
5
Let n(b) = 2*b + 1. Let u be (-4)/14 - 348/(-42). Suppose u*r = 10*r + 6. Calculate n(r).
-5
Let l(b) be the second derivative of b**4/12 + 13*b**3/6 + 9*b**2/2 + 3*b + 4. Determine l(-12).
-3
Let o(d) = -30*d**2 - 14*d + 3. Let f(t) = 10*t**2 + 4*t - 1. Let k(q) = 7*f(q) + 2*o(q). Calculate k(2).
39
Let f(h) be the second derivative of h**6/360 + 13*h**5/120 + 7*h**4/12 + 10*h**3/3 + h**2/2 - 18*h - 2. Let x(j) be the second derivative of f(j). Give x(-12).
2
Let r(f) = -f**3 + f**2 + 1. Let l be r(2). Let a(q) be the second derivative of 60*q + 0 + q**2 + 1/20*q**5 + 5/6*q**3 + 5/12*q**4. What is a(l)?
5
Let i(d) = -10*d + 1 + 5*d + 10*d**3 - 11*d**3 + d**2 + 6*d - 5*d**3. Calculate i(-1).
7
Let f(m) = -m**2 + 351 - 3*m - 312 - 14*m. Determine f(-19).
1
Let m(a) be the third derivative of -5*a**4/24 + a**3/6 + 2129*a**2. Suppose 4*f + 0 - 4 = 0. Determine m(f).
-4
Let j(n) = -2*n**2 - n + 4. Suppose -7*s - 10 = -5*s + 4*p, -2*s + 4 = -3*p. Let x be (s/2)/(2/4).